ose -198 - p = -5*y. What is the units digit of y?
9
Let k(y) = -6*y + 10. Let i(f) = 25*f - 39. Let z(n) = -2*i(n) - 9*k(n). Suppose 5*j = 0, 5*j - 8 - 1 = -m. What is the units digit of z(m)?
4
Suppose 12*w - 6349 = 5675. What is the tens digit of w?
0
Let u(k) be the third derivative of -k**4/8 + 10*k**3/3 + k**2. Let c be u(6). Let o(x) = 8*x - 4. What is the tens digit of o(c)?
1
Let l = 2418 - 1669. Suppose -l - 96 = -5*n. What is the hundreds digit of n?
1
Let g = 144 + -78. Suppose g = 4*j - 3*j. What is the tens digit of j/2 + -2*1?
3
Suppose 2*w = r + 2289, -3*w - 706 = 4*r - 4112. What is the thousands digit of w?
1
What is the units digit of (-2)/2*(-538 - 3)?
1
Let j be (-3)/((3/10)/1). Let s(v) = -v**2 - v. Let g(a) = -5*a**2 - 12*a + 6. Let y(c) = -g(c) + 4*s(c). What is the units digit of y(j)?
4
Let g(f) = 23*f - 84. Let b be g(4). Let w(n) = 4 + 0 + 4*n - 3. What is the tens digit of w(b)?
3
Suppose -3*f - 4*c + 120 = 0, 3*f + 6*c = 3*c + 117. Let t be (-372)/45*-6 - (-2)/5. Let l = t - f. What is the units digit of l?
4
Let l = -198 - -361. Let t be l/(-5) - 12/(-20). Let s = -12 - t. What is the tens digit of s?
2
Let n(m) = m**2 + 35*m - 23. What is the hundreds digit of n(14)?
6
Let i be 2*(-3)/(12/(-4)) + -1. What is the tens digit of ((-2)/(-6))/(((-5)/(-3795))/i)?
5
Let s be (70 - -1) + (-2 - 1 - -2). Let d = s - 64. What is the units digit of d?
6
Suppose -4*b + k = 1, 5*b + k = 1 - 9. Let l be b/((-3 - -5)/4). What is the tens digit of ((-70)/(-49))/(l/(-14))?
1
Let m(s) = 3*s - 2. Let u be m(1). What is the units digit of 12 - (-6 - -4)/u?
4
Let j(h) = h**2 - 12*h + 3. What is the units digit of j(-10)?
3
Suppose 4*x = 2*j + 390, 2*j = 2*x - 205 + 15. What is the units digit of x?
0
Let t(a) = a**2 - a - 3. Let g be t(-4). Suppose y = -4 + g. What is the units digit of y?
3
Let o = 16 + -11. Suppose -5*v = 4*g - 47, -5*v + v + 61 = o*g. Let l = 35 - g. What is the tens digit of l?
2
Let b(t) = 2 + 4*t - 4 + 2*t**2 - 2*t**3 - 4*t**3 + 5*t**3. Let a be b(3). What is the tens digit of 1705/33 - a/(-3)?
5
Suppose -81*m = -125*m + 148236. What is the tens digit of m?
6
Let u be 106*(-1)/(-6)*15. Suppose 4*x - m - 224 = 0, 6*x - x = 5*m + u. What is the tens digit of x?
5
Let i(a) = -a**3 + 30*a**2 - a + 15. What is the hundreds digit of i(29)?
8
Suppose -4*p - 2*o = -0*o - 422, -4*p = -2*o - 410. Let v = p + 12. What is the hundreds digit of v?
1
Let d(f) = 41*f - 7. Let z be d(6). Suppose z = 4*k - 3*r - 26, 3*k - 177 = -5*r. What is the units digit of k?
4
What is the tens digit of (-529)/(1/3*(-4 + 1))?
2
Suppose 2*q = -4*q + 924. What is the tens digit of q?
5
Suppose 19 = -10*i - 21. Let t(o) = o**3 + 13*o**2 + o + 9. Let q be t(-13). What is the tens digit of (q - i) + (17 - 3)?
1
Let t(n) = -32*n + 322. What is the hundreds digit of t(-20)?
9
Suppose 120 = -4*n - n. Suppose 0 = -2*b - 38 + 10. Let r = b - n. What is the tens digit of r?
1
Let i be 64/12*45/6. Let s be 4/(-6) - i/(-6). Suppose -20 = 2*a - s*a. What is the units digit of a?
5
Let z = -87 - -831. What is the hundreds digit of z?
7
Let o = 6 - 6. Let d be (-6 + 13)/(o - 1). What is the units digit of 2/d + 88/14?
6
Suppose 4*w = -w + 40. Suppose 0 = w*x - 67 - 37. Suppose -q + x = -12. What is the tens digit of q?
2
Let b(w) = -w**3 + 21*w**2 - 5*w + 2. What is the units digit of b(19)?
9
Let z be (-22530)/(-50) - (-2)/10*-3. Suppose 2*g + z = 7*g. What is the units digit of g?
0
Let c(o) = -4*o - 14. Let v be c(-4). Suppose -2*h = -v*z - 78, 0 = h + 6*z - 4*z - 30. What is the tens digit of h?
3
Let h be ((-2)/6)/(21/(-126)). What is the tens digit of 1/(h/154) - 0?
7
Let b(d) = -d**3 - 2*d**2 + 3*d - 4. Let r be b(-3). Let j be r/24*34*3. Let h(a) = a + 28. What is the units digit of h(j)?
1
Let w(n) = -5*n**3 - 3*n**2 - 5*n - 3. What is the hundreds digit of w(-6)?
9
Let u be 2/(-4) + 474/4. Suppose -16*s + 6*s + 30 = 0. Suppose 0 = s*k + 43 - u. What is the tens digit of k?
2
Let u be (-1)/(-2) + 3/(-6). Suppose u*b - 5*b - 2*t = 32, -b + 4*t - 24 = 0. What is the units digit of (b/10)/(10/(-475))?
8
Let i = 2092 - 784. What is the hundreds digit of i?
3
Let z be -6 + 3 - (-1 + -5). Suppose -4*i + z*o = -78 - 177, -3*i - 3*o = -165. What is the units digit of i?
0
Suppose 5 = 3*c - 22. Suppose -99 = -2*x - c. What is the tens digit of (8 - 6)/(2/x)?
4
Let x(l) = 3*l - 18. Let j be x(14). Suppose -t + 3*t - 1 = s, 3*t - j = -3*s. Let w(u) = 5*u**2 - 2*u + 3. What is the tens digit of w(t)?
4
Let c = -12 + 12. Suppose c = 5*p - 11 - 4. Suppose p = -0*z + 3*z. What is the units digit of z?
1
Suppose 93*w - 202632 - 69207 = 0. What is the hundreds digit of w?
9
Let y(r) = 316*r**2 + 51*r + 97. What is the thousands digit of y(-2)?
1
Let y(j) = -j + 20. Let g be y(15). Let o(h) = -h**2 + 5*h + 6. Let l be o(g). What is the units digit of 94/l + (-3)/(-9)?
6
What is the tens digit of (1 + -45)*(-1)/((-12)/(-21))?
7
What is the tens digit of (11/33)/(2/858)?
4
What is the units digit of -2 + 2586 - (-55 - -59)?
0
Suppose 4*u + 5 - 9 = 0. What is the tens digit of (u - 2)*1*(-475)/25?
1
What is the units digit of (146 - -103)/(0 + (-3)/(-22))?
6
Suppose 3*y + 2*y - 165 = 0. Suppose -50 - y = -2*n - x, -5*n - 4*x = -203. What is the units digit of n?
3
Let l be (189/(-2))/((-10)/20). Suppose 19 = 4*p - l. What is the tens digit of p?
5
Let t(q) = 4*q + 5. Suppose -5*m = -4*b + 26, -3*b + 23 = -4*m + 2*m. What is the units digit of t(b)?
1
Suppose x - 56 = 2*r + 28, -r = 2. Let a be 2/(-2) - (1 + -5). Suppose 0 = 4*s + 2*u - x, 2*u = 4*s - a*u - 108. What is the units digit of s?
2
Let h = 1814 - 932. Suppose -55*t = -49*t - h. What is the units digit of t?
7
Let k(x) = 6*x - 25. Let d be k(18). Let u = d + 26. What is the tens digit of u?
0
Let h = -299 - -1035. What is the hundreds digit of h?
7
Suppose 4*v + v = y + 30, -10 = v + 3*y. Let m = -10 + 22. Suppose 0 = -p + x + 4 + 4, -p + v*x + m = 0. What is the units digit of p?
7
What is the hundreds digit of 2421 - (3 - -3 - 6)/(-2)?
4
Suppose -6*o = -3*o - 6. Suppose o*l + 0 = -c - 7, 0 = -5*l + c. Let v = 7 - l. What is the units digit of v?
8
Suppose -4*i + 3*u = -166, 3*u + 2 = -4. What is the tens digit of 5/(i/44)*10?
5
Let s(b) = -b**2 + 15*b + 103. Let q be s(19). Let u be 4 + 1*(1 + -2). Suppose i - 33 = -o, 0 = -5*o + 4*o - u*i + q. What is the tens digit of o?
3
Let h = 44 - 147. Let f = -36 - h. What is the units digit of f?
7
Let p be (-10)/(-40) - (-2)/(-8)*-39. Let k = p - -9. What is the tens digit of k?
1
Let v = -167 + 282. What is the tens digit of v?
1
Suppose 5*f = -2*s + 13, -5 - 5 = -2*f - 2*s. Suppose 7 + f = 4*k. Suppose 2*r - h - 42 = -0*h, k*r - 34 = 3*h. What is the units digit of r?
3
Suppose -n + 1174 + 1225 = 0. What is the tens digit of n?
9
Suppose 5*h - 12 - 8 = 0. Suppose -3*q = -3*u + 240, -h*q - 8 = -20. What is the tens digit of u?
8
Let g(v) = 2*v**2 - 9. Let o be g(4). Suppose 0 = -4*s + 8. Suppose 4*x - 76 = -3*r, 2*r = s*x + 9 + o. What is the tens digit of r?
2
Suppose 0 = 4*q - 3*n - 1340 - 2678, -3*q + n = -3016. What is the thousands digit of q?
1
Let y be (-398)/18 + 4/36. Let h = y - -2. What is the units digit of ((-488)/h)/((-8)/(-20))?
1
Let f(k) = 7*k. Let u be f(-3). Let m = -15 - u. What is the units digit of m?
6
Suppose 2*p + 2*t - 6*t - 2294 = 0, -4*t - 8 = 0. What is the hundreds digit of 1/(6/p)*4/3?
2
Suppose 0 = 7*q - 19679 - 16595. What is the hundreds digit of q?
1
Suppose -4*s = 4*r - 476, 8*r = 10*r - 4*s - 262. Suppose 0 = -7*a + r + 143. What is the tens digit of a?
3
Let m(k) = -6*k**2 - 3*k + 7. Let o(y) = y**2 + y. Let n(l) = -3*m(l) - 15*o(l). What is the units digit of n(-5)?
4
Let j = 123 + -71. Suppose -4*b - 3*s = -j, -5*s + 10 = 3*b - 4*b. Suppose 0 = 5*n + 4*t - 7 - b, -t + 3 = 0. What is the units digit of n?
1
Let s be (3/(-5))/(3 - (-322)/(-105)). Let c(k) = -k**2 - 2*k + 2. Let n be c(-2). What is the tens digit of s + (3 - n - -2)?
1
Suppose -40*l - 15*l = -5445. What is the tens digit of l?
9
Suppose -7*a + 219 = -194. Let z = a - 26. What is the units digit of z?
3
Suppose 0 = -4*o + 6*o - 312. Suppose 2*p - o = -p - 3*c, 4*p + 2*c - 212 = 0. What is the tens digit of p?
5
What is the units digit of (-1108 + (8 - 5))